irst derivative of -c**4/4 - 4*c**3/3 - 4*c - 2. Give y(j).
-4
Let f(d) = -3 + 3*d**2 - d**3 + 8*d + 4 - 3 - 2. Determine f(5).
-14
Let b be (5/15)/(1/6). Suppose h - 6*h = 0. Let t(v) = 2 + h + 2 + b*v. What is t(-5)?
-6
Let r = 5 - 10. Let h(j) = 5*j + 7. Calculate h(r).
-18
Let l be -10*2/(0 - 4). Let c(a) = a**2 - a - 4. What is c(l)?
16
Let g(w) = 2*w - 1. Let x(y) = -6*y + 4. Let n(z) = -14*g(z) - 5*x(z). What is n(4)?
2
Let u(a) = -5*a + 2*a + 2*a - 1. Let z be u(5). Let g(r) = -r - 8. Calculate g(z).
-2
Let d(n) = n**3 - 5*n**2 + 2*n + 2. Suppose -l - 35 = -6*l - 5*s, 3*l = s + 21. Let y = -12 + l. Let k(q) = -q - 1. Let j be k(y). What is d(j)?
-6
Let z(w) = -w**3 - w**2 - w + 1. Let g(d) = 8*d**3 - 3*d + 2. Let b(j) = -g(j) + 2*z(j). Give b(1).
-11
Let b(w) be the second derivative of 5*w**3/6 - w**2/2 - 2*w. Let h(g) = 1 - 17 + 2 + 3*g - 2*g. Let l be h(13). Give b(l).
-6
Let z(x) = -x**3 + 7*x**2. Let t(d) = 3*d - 11. Let i be t(6). What is z(i)?
0
Let r(p) = p**3 - 18*p**2 + 16*p + 19. Let o be r(17). Let q(h) be the first derivative of 1 - h**o - 1/3*h**3 + 2*h. Determine q(-3).
-1
Let f(z) = z - 2. Let m(i) = i**3 + 13*i**2 + i + 11. Let l be m(-13). Determine f(l).
-4
Let l(k) = -13*k + 2. Let g be (0 + (-2 - -3))*4. Suppose -18 = g*x - 2. Let i(h) = 6*h - 1. Let d(w) = x*l(w) - 9*i(w). Determine d(-3).
7
Let w(r) = -12*r + 14*r + 0 - 8. What is w(7)?
6
Let i(p) be the second derivative of -2*p + 3*p**2 + 5/6*p**3 - 1/12*p**4 + 0. What is i(5)?
6
Let f(h) be the third derivative of -h**5/60 + h**4/6 + h**3/6 + h**2. Let x = -2 + 4. Let d = x - -2. Give f(d).
1
Let d = -53 + 57. Let j(v) be the second derivative of v + 0 - 1/3*v**d + 2/3*v**3 - 1/20*v**5 + 0*v**2. What is j(-5)?
5
Suppose -11*f - 15 = -8*f. Let g(w) = -w**3 - 4*w**2 + 4*w - 3. Determine g(f).
2
Let w(q) = q**3 + 10*q**2 + 9*q + 7. Let s be w(-9). Let g(o) = -o + 4. Let i be g(s). Let j(a) = -3*a**2 + 0*a**2 + 2*a**2 - a**2 - 3*a + 3. Calculate j(i).
-6
Suppose w + 3*m - 10 = 0, -w - 3*w + 27 = -m. Let h(p) = p**3 - 7*p**2 + 2*p. Determine h(w).
14
Let b(a) be the first derivative of -a**4/4 + a**3 + 2*a**2 - 2*a + 1. Suppose -1 = 4*g - 17. Give b(g).
-2
Let b(t) be the second derivative of -t**4/12 - t**3 - t**2/2 - t. Calculate b(-5).
4
Let j(i) = 2*i**2 - 7*i. Let r be j(5). Suppose r = 2*k + 4*w - 1, -5*w = k - 20. Let y be -2 + 5 + (2 - k). Let o(h) = h**3 - 6*h**2 + 7*h - 5. Calculate o(y).
5
Let o(u) = 2 + 4 - 7*u + 5*u - 4. Calculate o(2).
-2
Suppose -5*f = -5*t - 20, -4*f + 16 = -0*f. Let k = -6 - -9. Let l(q) = 2*q**2 - 3*q**3 + 6 + 2*q**k - 3*q**2. Give l(t).
6
Let m be (-4)/6*9/(-3). Let h be (-2)/1*(-4)/m. Let k(q) = 2*q**3 + 0*q - 3*q + q**2 + h*q + 2*q**3. Determine k(-1).
-4
Suppose 0 = -39*f + 29*f - 40. Let u(b) be the first derivative of -b**4/12 - 5*b**3/6 - b**2/2 + b - 1. Let i(m) be the first derivative of u(m). What is i(f)?
3
Let p(w) = 4*w**2 + 2*w + 1. Let x(l) = -l**3 - 3*l**2 + 6*l + 6. Let i be x(-4). Determine p(i).
13
Let p(o) be the first derivative of -2*o**2 + 7. Let m = -4 + 8. Let u be 3/(1/(m/(-6))). Determine p(u).
8
Let h = -4 + 4. Suppose d - 2*d = h. Suppose -r - 2 = -d. Let x(a) = -a - 2. Calculate x(r).
0
Let x = 47 + -42. Let o be 5 + 0/(-2) - 0. Let j = o - x. Let h(t) = t**2 - 6. What is h(j)?
-6
Suppose 0*r = r - m + 3, 4*r - 3*m + 15 = 0. Let q(f) = f**3 + 5*f**2 - 4*f + 6. Give q(r).
-6
Suppose 0 = -14*k + 15*k - 2. Let l(i) = -5*i**2 - 3*i + 3. Determine l(k).
-23
Let l(r) = -r**2 + 8*r. Let i(v) = -v - 1. Let t(m) = 3*i(m) + l(m). Suppose 1 = -f + 3. Suppose -f*j + 11 = 5*z - 14, -4*j - 4*z + 32 = 0. Give t(j).
-3
Let z(r) be the second derivative of -r**4/4 + r**3/2 - r**2/2 - 4*r. Let q = -5 - -7. Determine z(q).
-7
Let s(i) = -2*i + 7. Let q(o) = -o + 2. Let a be -1 - (1 - 2/(-1)). Let h be q(a). What is s(h)?
-5
Let u(i) be the first derivative of i**3/3 + 7*i**2 + 12*i + 38. Determine u(-12).
-12
Let f = -18 + 13. Let k(a) = a + 1. Give k(f).
-4
Let q be (44/(-110))/((-1)/10). Suppose 0*c = -5*c + 3*y, q*y - 26 = -2*c. Let v(x) = 3 + 0 + x - 2*x. Calculate v(c).
0
Let m(f) be the third derivative of -f**4/4 + f**3/2 - 14*f**2. Give m(4).
-21
Let a(d) = 9*d - 2*d - 3*d - 3*d. Let f(m) = m**2 - 4*m - 4. Let g be f(4). Determine a(g).
-4
Let h(u) = 9*u**3 + u**2 - 2*u - 1. Let j(q) = 10*q**3 + q**2 - 3*q - 1. Let b(x) = -4*h(x) + 3*j(x). Determine b(1).
-7
Let n(r) = 2*r + 1. Let a = -102 - -99. Give n(a).
-5
Let h(v) = 4 - 4*v**2 + v - 6*v - 3*v + 5*v**2. Give h(6).
-8
Let j(u) = -u**2 - 4*u + 3. Let a be j(-4). Let q(v) = -3*v - 7. Let y(m) = 2*m + 4. Let l(r) = -3*q(r) - 5*y(r). Determine l(a).
-2
Let p(j) = -j**2 + j - 13 + 3 + 8 + 5. Let f be 0 - 1/(-2)*0. Determine p(f).
3
Let d(o) = 5 + o**3 - 2*o**2 - 12*o**2 + 4*o**2 - o. What is d(10)?
-5
Let p = -3 + 9. Suppose 2*t = p*t - 8. Let v(u) = -2*u**2 - 5 - 4*u + u**t - 1. What is v(-4)?
-6
Suppose -3*s - 2 + 11 = 0. Suppose -h - s*v + 8 = -5, -5*v = 5*h - 45. Let r(y) = h + 4 + 0 + y. Determine r(-5).
6
Suppose -4*l = 5*k + 14, -2*l - 5*k = -0*l + 2. Let f = 40 + -39. Let p(v) = -v + 1. Let t(b) = -10*b + 5. Let h(i) = f*t(i) + l*p(i). Calculate h(1).
-5
Suppose 0 = 8*t + 24 + 16. Let x(g) be the second derivative of g**5/20 + 5*g**4/12 - 2*g**2 - g. Calculate x(t).
-4
Let o(i) = -2*i**3 + i**2 + 4*i - 3. Let p(v) = -4*v**2 + v. Let r be p(-1). Let s = r + -7. Let f be (6/s)/(1/(-4)). What is o(f)?
-7
Let i(x) = -409*x + 5 + 409*x + x**2. Determine i(0).
5
Let b(z) = 3*z + 3. Let t = 4 - 6. Let h(v) = 14 + 17*v - 4*v + 3*v. Let f(k) = t*h(k) + 11*b(k). Calculate f(0).
5
Suppose q + 5 = -3*k - 1, 5*k + 10 = 2*q. Let n(a) = 1 - a + q - a**2 + 0 - 3*a. Give n(-5).
-4
Let t(q) = 2*q + 4. Let c be t(-6). Let k be 5/20 + 42/c. Let n(l) = l**2 + 4*l. Determine n(k).
5
Let g(s) = -s + 2. Let c(a) = -6. Let i(n) = 4. Let r(f) = -5*c(f) - 8*i(f). Let p(d) = 2*g(d) + 3*r(d). Give p(-3).
4
Suppose -4*p + 24 + 24 = 0. Let j(c) = p - 13 - c**2 - 3*c + 5*c**2 - 3*c**2. Give j(3).
-1
Let a(u) = -6*u - 2 - 4*u + 2*u. What is a(-2)?
14
Let n(l) = -l**2 + l - 4. Let t be 0 + 1 + 4 + -3. Suppose 6 = t*y - 0*y. Give n(y).
-10
Let g be 4*(0 + (-3)/(-6)). Let w be (1 - g)/(2/(-4)). Let x = 0 - w. Let j(o) = o**2 + 2*o + 2. Give j(x).
2
Let u(t) be the second derivative of t**4/12 + t**3 + t**2/2 + 3*t. What is u(-6)?
1
Let x(h) be the first derivative of 0*h**2 - 9 - h + 2/3*h**3. Calculate x(-1).
1
Let b(l) = -l - 5. Suppose -3*z - 29 = -5. Let i be b(z). Let x(o) be the first derivative of o**2/2 - o - 1. Determine x(i).
2
Let d(n) = -7*n**3 - 3*n**2 - 10. Let u(v) = 2 + 13*v**3 + 0*v**2 + 5*v**2 + 17 + v**2. Let q(g) = 11*d(g) + 6*u(g). Determine q(-3).
4
Let v(m) be the third derivative of m**4/4 - m**3/2 + 11*m**2. Determine v(2).
9
Let h be 1 + 2*-2*-1. Let o(i) = -11*i - 2. Let x(k) = 7*k + 1. Let b(p) = -5*o(p) - 8*x(p). What is b(h)?
-3
Let j(c) be the second derivative of -c**3/3 - 3*c**2 - 3*c. Let r be j(-4). Let b be (-4 + r)/(4/2). Let g(u) = u**3 + u + 1. Determine g(b).
-1
Let s(o) = -4*o - 2*o + 0*o + 1 + 4*o. Calculate s(-6).
13
Let c(t) be the second derivative of t**5/20 - t**4/3 - t**3 - t**2 + 2*t. Suppose 0 = -s - 2*l - 4, -4 = s - 4*l - 0. Let w be (-10)/s*(3 - 1). What is c(w)?
-7
Let a(n) = 4 - 2 - n + 1 - 2. Let q(y) = 3*y**2 - 6*y + 4. Let k(z) = -5*a(z) + q(z). Determine k(-1).
3
Let l(o) = 9*o - 3. Let z(g) = 4*g - 2. Let p(s) = -2*l(s) + 5*z(s). Determine p(5).
6
Let s be 27/12 - (-3)/(-12). Let n(x) = -2 + 2*x - x - s. Give n(6).
2
Let k(b) = 7*b**2 + b - 1. Let x be k(1). Let y(q) = 2 - 3 + q + x*q. Determine y(1).
7
Let u(i) = -i**2 - 2*i + 57. Let n be u(7). Let f(j) = -j - 3. Let z(r) = 2*r + 5. Let w(h) = 5*f(h) + 3*z(h). Give w(n).
-6
Let t(g) = -g**3 + 5*g**2 - 7*g + 5. Suppose -4*a - 35 = a. Let b be (-46)/(-14) + 2/a. Suppose -b*r + 12 = -0. Calculate t(r).
-7
Let v(w) = 6*w - 19. Let n(s) = -3*s + 9. Let k(i) = 13*n(i) + 6*v(i). Let d be 48/21 + (-8)/28. Calculate k(d).
-3
Let s = -2 - -4. Let k(u) = -3*u**3 + u - u**s + 4*u**3 - 3 + u + 0*u**2. Give k(2).
5
Let z(n) = -n**2 + 2*n - 1. Let w(a) = -a**2 + 12*a + 14. Let h be w(13). Give z(h).
0
Let z(q) = q**2 - q - 1. Let g(d) = -7*d**2 + 5*d + 1. Let f(a) = -g(a) - 6*z(a). Let k(t